{"id":19,"date":"2025-03-11T09:17:47","date_gmt":"2025-03-11T08:17:47","guid":{"rendered":"https:\/\/fablab-montagny-pres-louhans.fr\/?page_id=19"},"modified":"2026-03-17T11:22:01","modified_gmt":"2026-03-17T10:22:01","slug":"horaires-et-ateliers","status":"publish","type":"page","link":"https:\/\/fablab-montagny-pres-louhans.fr\/index.php\/horaires-et-ateliers\/","title":{"rendered":"Horaires et ateliers, Manifestations"},"content":{"rendered":"\r\n<p>&nbsp;<\/p>\r\n\r\n<h2 style=\"text-align: center;\"><span style=\"color: #0000ff;\"><em><strong>Les permanences du Fablab<\/strong><\/em><\/span><\/h2>\r\n<p>&nbsp;<\/p>\r\n<h3><span style=\"color: #000000;\"><strong>Mercredi\u00a0 : Loisirs cr\u00e9atifs de<\/strong><\/span><span style=\"color: #000000;\"><strong> 14h00 \u00e0 17h30.<\/strong><\/span><\/h3>\r\n<h3><span style=\"color: #000000;\"><strong>Samedi\u00a0 \u00a0 : Loisirs cr\u00e9atifs de<\/strong><\/span><span style=\"color: #000000;\"><strong> 14h00 \u00e0 17h30.<\/strong><\/span><\/h3>\r\n<h3><span style=\"color: #000000;\"><strong><span style=\"color: #000000;\">Samedi\u00a0 \u00a0 <\/span>: Techniques de 14h00 \u00e0 18h00.<\/strong><\/span><\/h3>\r\n<hr \/>\r\n<h3>\u00a0<\/h3>\r\n<h3 style=\"text-align: center;\"><span style=\"color: #0000ff;\"><strong><u>Manifestations \/ Animations 2026<\/u><\/strong><\/span><\/h3>\r\n<h4>\u00a0<\/h4>\r\n<h4><span style=\"color: #0000ff;\"><b style=\"color: #0000ff;\">Samedi 11 janvier : Loisirs Cr\u00e9atifs : participation au march\u00e9 de l&rsquo;Epiphanie organis\u00e9 par l&rsquo;Amicale P\u00e9tanque.<\/b><\/span><\/h4>\r\n<h4>\u00a0<\/h4>\r\n<h4><span style=\"color: #0000ff;\"><strong>Dimanche 1 f\u00e9vrier : Loto d&rsquo;Hiver.<\/strong><\/span><\/h4>\r\n<h4>\u00a0<\/h4>\r\n<h4><span style=\"color: #0000ff;\"><strong>Samedis 9 &#8211; 16 &#8211; 23 mai de 14h \u00e0 18h : Loisirs Cr\u00e9atifs vente f\u00eates des m\u00e8res au fablab.<\/strong><\/span><\/h4>\r\n<h4>\u00a0<\/h4>\r\n<h4><span style=\"color: #0000ff;\"><strong>Samedi 30 mai : Foire de Montpont en Bresse<\/strong><\/span><\/h4>\r\n<h4>\u00a0<\/h4>\r\n<h4><span style=\"color: #0000ff;\"><strong>Samedi 6 juin : Portes Ouvertes, Halle et fablab<\/strong><\/span><\/h4>\r\n<h4>\u00a0<\/h4>\r\n<h4><span style=\"color: #0000ff;\"><strong>Samedi 11 juillet : Beer Fest Place de La Charit\u00e9 Louhans de 12 h \u00e0 22 h.<\/strong><\/span><\/h4>\r\n<h4>\u00a0<\/h4>\r\n<h4><span style=\"color: #0000ff;\"><strong>Dimanche 26 juillet : F\u00eate Patronale \u00e0 Frontenaud . D\u00e9monstration \/ Exposition.<\/strong><\/span><\/h4>\r\n<h4>\u00a0<\/h4>\r\n<h4><span style=\"color: #0000ff;\"><strong>Samedi 29 aout : Loisirs Cr\u00e9atifs, participation au march\u00e9 artisanal organis\u00e9 par l&rsquo;Amicale P\u00e9tanque.<\/strong><\/span><\/h4>\r\n<h4>\u00a0<\/h4>\r\n<h4><span style=\"color: #0000ff;\"><strong>Samedi septembre (date \u00e0 d\u00e9finir) : Festival Matsouri expo Parc des Bains Lons Le Saunier<\/strong><\/span><\/h4>\r\n<h4>\u00a0<\/h4>\r\n<h4><span style=\"color: #0000ff;\"><strong>Dimanche 27 septembre de 10h \u00e0 18h : Expo vente Foire Nature Centre Eden \u00e0 Cuisery<\/strong><\/span><\/h4>\r\n<h4>\u00a0<\/h4>\r\n<h4><span style=\"color: #0000ff;\"><b style=\"color: #0000ff;\">Samedis 21 et 28 novembre et 5,12 et 19 d\u00e9cembre de 14 \u00e0 18 h Portes Ouvertes March\u00e9 de <\/b><span style=\"color: #0000ff;\"><b>No\u00ebl<\/b><\/span><b style=\"color: #0000ff;\"> loisirs cr\u00e9atifs.<\/b><\/span><\/h4>\r\n<h4><span style=\"color: #0000ff;\">\u00a0<\/span><\/h4>\r\n\r\n<p>&nbsp;<\/p>\r\n","protected":false},"excerpt":{"rendered":"<p>&nbsp; Les permanences du Fablab &nbsp; Mercredi\u00a0 : Loisirs cr\u00e9atifs de 14h00 \u00e0 17h30. Samedi\u00a0 \u00a0 : Loisirs cr\u00e9atifs de 14h00 \u00e0 17h30. Samedi\u00a0 \u00a0 : Techniques de 14h00 \u00e0 18h00. \u00a0 Manifestations \/ Animations 2026 \u00a0 Samedi 11 janvier : Loisirs Cr\u00e9atifs : participation au march\u00e9 de l&rsquo;Epiphanie organis\u00e9 par l&rsquo;Amicale P\u00e9tanque. \u00a0 Dimanche [&hellip;]<\/p>\n","protected":false},"author":1,"featured_media":0,"parent":0,"menu_order":1,"comment_status":"closed","ping_status":"closed","template":"","meta":{"_et_pb_use_builder":"off","_et_pb_old_content":"","_et_gb_content_width":"","rop_custom_images_group":[],"rop_custom_messages_group":[],"rop_publish_now":"initial","rop_publish_now_accounts":{"facebook_1992431424458146_173380702515979":""},"rop_publish_now_history":[],"rop_publish_now_status":"pending","footnotes":""},"class_list":["post-19","page","type-page","status-publish","hentry"],"yoast_head":"<!-- This site is optimized with the Yoast SEO plugin v27.3 - https:\/\/yoast.com\/product\/yoast-seo-wordpress\/ -->\n<title>Horaires et ateliers, Manifestations - Le FabLab<\/title>\n<meta name=\"robots\" content=\"noindex, follow, max-snippet:-1, max-image-preview:large, max-video-preview:-1\" \/>\n<meta property=\"og:locale\" content=\"fr_FR\" \/>\n<meta property=\"og:type\" content=\"article\" \/>\n<meta property=\"og:title\" content=\"Horaires et ateliers, Manifestations - Le FabLab\" \/>\n<meta property=\"og:description\" content=\"&nbsp; Les permanences du Fablab &nbsp; Mercredi\u00a0 : Loisirs cr\u00e9atifs de 14h00 \u00e0 17h30. Samedi\u00a0 \u00a0 : Loisirs cr\u00e9atifs de 14h00 \u00e0 17h30. Samedi\u00a0 \u00a0 : Techniques de 14h00 \u00e0 18h00. \u00a0 Manifestations \/ Animations 2026 \u00a0 Samedi 11 janvier : Loisirs Cr\u00e9atifs : participation au march\u00e9 de l&rsquo;Epiphanie organis\u00e9 par l&rsquo;Amicale P\u00e9tanque. \u00a0 Dimanche [&hellip;]\" \/>\n<meta property=\"og:url\" content=\"https:\/\/fablab-montagny-pres-louhans.fr\/index.php\/horaires-et-ateliers\/\" \/>\n<meta property=\"og:site_name\" content=\"Le FabLab\" \/>\n<meta property=\"article:publisher\" content=\"https:\/\/www.facebook.com\/fablab.labom\/\" \/>\n<meta property=\"article:modified_time\" content=\"2026-03-17T10:22:01+00:00\" \/>\n<meta name=\"twitter:card\" content=\"summary_large_image\" \/>\n<meta name=\"twitter:label1\" content=\"Dur\u00e9e de lecture estim\u00e9e\" \/>\n\t<meta name=\"twitter:data1\" content=\"1 minute\" \/>\n<script type=\"application\/ld+json\" class=\"yoast-schema-graph\">{\"@context\":\"https:\\\/\\\/schema.org\",\"@graph\":[{\"@type\":\"WebPage\",\"@id\":\"https:\\\/\\\/fablab-montagny-pres-louhans.fr\\\/index.php\\\/horaires-et-ateliers\\\/\",\"url\":\"https:\\\/\\\/fablab-montagny-pres-louhans.fr\\\/index.php\\\/horaires-et-ateliers\\\/\",\"name\":\"Horaires et ateliers, Manifestations - Le FabLab\",\"isPartOf\":{\"@id\":\"https:\\\/\\\/fablab-montagny-pres-louhans.fr\\\/#website\"},\"datePublished\":\"2025-03-11T08:17:47+00:00\",\"dateModified\":\"2026-03-17T10:22:01+00:00\",\"breadcrumb\":{\"@id\":\"https:\\\/\\\/fablab-montagny-pres-louhans.fr\\\/index.php\\\/horaires-et-ateliers\\\/#breadcrumb\"},\"inLanguage\":\"fr-FR\",\"potentialAction\":[{\"@type\":\"ReadAction\",\"target\":[\"https:\\\/\\\/fablab-montagny-pres-louhans.fr\\\/index.php\\\/horaires-et-ateliers\\\/\"]}]},{\"@type\":\"BreadcrumbList\",\"@id\":\"https:\\\/\\\/fablab-montagny-pres-louhans.fr\\\/index.php\\\/horaires-et-ateliers\\\/#breadcrumb\",\"itemListElement\":[{\"@type\":\"ListItem\",\"position\":1,\"name\":\"Accueil\",\"item\":\"https:\\\/\\\/fablab-montagny-pres-louhans.fr\\\/\"},{\"@type\":\"ListItem\",\"position\":2,\"name\":\"Horaires et ateliers, Manifestations\"}]},{\"@type\":\"WebSite\",\"@id\":\"https:\\\/\\\/fablab-montagny-pres-louhans.fr\\\/#website\",\"url\":\"https:\\\/\\\/fablab-montagny-pres-louhans.fr\\\/\",\"name\":\"Le FabLab\",\"description\":\"Le premier de Bresse\",\"publisher\":{\"@id\":\"https:\\\/\\\/fablab-montagny-pres-louhans.fr\\\/#organization\"},\"potentialAction\":[{\"@type\":\"SearchAction\",\"target\":{\"@type\":\"EntryPoint\",\"urlTemplate\":\"https:\\\/\\\/fablab-montagny-pres-louhans.fr\\\/?s={search_term_string}\"},\"query-input\":{\"@type\":\"PropertyValueSpecification\",\"valueRequired\":true,\"valueName\":\"search_term_string\"}}],\"inLanguage\":\"fr-FR\"},{\"@type\":\"Organization\",\"@id\":\"https:\\\/\\\/fablab-montagny-pres-louhans.fr\\\/#organization\",\"name\":\"Le FabLab\",\"url\":\"https:\\\/\\\/fablab-montagny-pres-louhans.fr\\\/\",\"logo\":{\"@type\":\"ImageObject\",\"inLanguage\":\"fr-FR\",\"@id\":\"https:\\\/\\\/fablab-montagny-pres-louhans.fr\\\/#\\\/schema\\\/logo\\\/image\\\/\",\"url\":\"https:\\\/\\\/fablab-montagny-pres-louhans.fr\\\/wp-content\\\/uploads\\\/2023\\\/02\\\/FABALB-logo.png\",\"contentUrl\":\"https:\\\/\\\/fablab-montagny-pres-louhans.fr\\\/wp-content\\\/uploads\\\/2023\\\/02\\\/FABALB-logo.png\",\"width\":250,\"height\":260,\"caption\":\"Le FabLab\"},\"image\":{\"@id\":\"https:\\\/\\\/fablab-montagny-pres-louhans.fr\\\/#\\\/schema\\\/logo\\\/image\\\/\"},\"sameAs\":[\"https:\\\/\\\/www.facebook.com\\\/fablab.labom\\\/\"]}]}<\/script>\n<!-- \/ Yoast SEO plugin. -->","yoast_head_json":{"title":"Horaires et ateliers, Manifestations - Le FabLab","robots":{"index":"noindex","follow":"follow","max-snippet":"max-snippet:-1","max-image-preview":"max-image-preview:large","max-video-preview":"max-video-preview:-1"},"og_locale":"fr_FR","og_type":"article","og_title":"Horaires et ateliers, Manifestations - Le FabLab","og_description":"&nbsp; Les permanences du Fablab &nbsp; Mercredi\u00a0 : Loisirs cr\u00e9atifs de 14h00 \u00e0 17h30. Samedi\u00a0 \u00a0 : Loisirs cr\u00e9atifs de 14h00 \u00e0 17h30. Samedi\u00a0 \u00a0 : Techniques de 14h00 \u00e0 18h00. \u00a0 Manifestations \/ Animations 2026 \u00a0 Samedi 11 janvier : Loisirs Cr\u00e9atifs : participation au march\u00e9 de l&rsquo;Epiphanie organis\u00e9 par l&rsquo;Amicale P\u00e9tanque. \u00a0 Dimanche [&hellip;]","og_url":"https:\/\/fablab-montagny-pres-louhans.fr\/index.php\/horaires-et-ateliers\/","og_site_name":"Le FabLab","article_publisher":"https:\/\/www.facebook.com\/fablab.labom\/","article_modified_time":"2026-03-17T10:22:01+00:00","twitter_card":"summary_large_image","twitter_misc":{"Dur\u00e9e de lecture estim\u00e9e":"1 minute"},"schema":{"@context":"https:\/\/schema.org","@graph":[{"@type":"WebPage","@id":"https:\/\/fablab-montagny-pres-louhans.fr\/index.php\/horaires-et-ateliers\/","url":"https:\/\/fablab-montagny-pres-louhans.fr\/index.php\/horaires-et-ateliers\/","name":"Horaires et ateliers, Manifestations - Le FabLab","isPartOf":{"@id":"https:\/\/fablab-montagny-pres-louhans.fr\/#website"},"datePublished":"2025-03-11T08:17:47+00:00","dateModified":"2026-03-17T10:22:01+00:00","breadcrumb":{"@id":"https:\/\/fablab-montagny-pres-louhans.fr\/index.php\/horaires-et-ateliers\/#breadcrumb"},"inLanguage":"fr-FR","potentialAction":[{"@type":"ReadAction","target":["https:\/\/fablab-montagny-pres-louhans.fr\/index.php\/horaires-et-ateliers\/"]}]},{"@type":"BreadcrumbList","@id":"https:\/\/fablab-montagny-pres-louhans.fr\/index.php\/horaires-et-ateliers\/#breadcrumb","itemListElement":[{"@type":"ListItem","position":1,"name":"Accueil","item":"https:\/\/fablab-montagny-pres-louhans.fr\/"},{"@type":"ListItem","position":2,"name":"Horaires et ateliers, Manifestations"}]},{"@type":"WebSite","@id":"https:\/\/fablab-montagny-pres-louhans.fr\/#website","url":"https:\/\/fablab-montagny-pres-louhans.fr\/","name":"Le FabLab","description":"Le premier de Bresse","publisher":{"@id":"https:\/\/fablab-montagny-pres-louhans.fr\/#organization"},"potentialAction":[{"@type":"SearchAction","target":{"@type":"EntryPoint","urlTemplate":"https:\/\/fablab-montagny-pres-louhans.fr\/?s={search_term_string}"},"query-input":{"@type":"PropertyValueSpecification","valueRequired":true,"valueName":"search_term_string"}}],"inLanguage":"fr-FR"},{"@type":"Organization","@id":"https:\/\/fablab-montagny-pres-louhans.fr\/#organization","name":"Le FabLab","url":"https:\/\/fablab-montagny-pres-louhans.fr\/","logo":{"@type":"ImageObject","inLanguage":"fr-FR","@id":"https:\/\/fablab-montagny-pres-louhans.fr\/#\/schema\/logo\/image\/","url":"https:\/\/fablab-montagny-pres-louhans.fr\/wp-content\/uploads\/2023\/02\/FABALB-logo.png","contentUrl":"https:\/\/fablab-montagny-pres-louhans.fr\/wp-content\/uploads\/2023\/02\/FABALB-logo.png","width":250,"height":260,"caption":"Le FabLab"},"image":{"@id":"https:\/\/fablab-montagny-pres-louhans.fr\/#\/schema\/logo\/image\/"},"sameAs":["https:\/\/www.facebook.com\/fablab.labom\/"]}]}},"_links":{"self":[{"href":"https:\/\/fablab-montagny-pres-louhans.fr\/index.php\/wp-json\/wp\/v2\/pages\/19","targetHints":{"allow":["GET"]}}],"collection":[{"href":"https:\/\/fablab-montagny-pres-louhans.fr\/index.php\/wp-json\/wp\/v2\/pages"}],"about":[{"href":"https:\/\/fablab-montagny-pres-louhans.fr\/index.php\/wp-json\/wp\/v2\/types\/page"}],"author":[{"embeddable":true,"href":"https:\/\/fablab-montagny-pres-louhans.fr\/index.php\/wp-json\/wp\/v2\/users\/1"}],"replies":[{"embeddable":true,"href":"https:\/\/fablab-montagny-pres-louhans.fr\/index.php\/wp-json\/wp\/v2\/comments?post=19"}],"version-history":[{"count":787,"href":"https:\/\/fablab-montagny-pres-louhans.fr\/index.php\/wp-json\/wp\/v2\/pages\/19\/revisions"}],"predecessor-version":[{"id":249408,"href":"https:\/\/fablab-montagny-pres-louhans.fr\/index.php\/wp-json\/wp\/v2\/pages\/19\/revisions\/249408"}],"wp:attachment":[{"href":"https:\/\/fablab-montagny-pres-louhans.fr\/index.php\/wp-json\/wp\/v2\/media?parent=19"}],"curies":[{"name":"wp","href":"https:\/\/api.w.org\/{rel}","templated":true}]}}

<p>&nbsp;</p>

<h2 style="text-align: center;"><span style="color: #0000ff;"><em><strong>Les permanences du Fablab</strong></em></span></h2>
<p>&nbsp;</p>
<h3><span style="color: #000000;"><strong>Mercredi  : Loisirs créatifs de</strong></span><span style="color: #000000;"><strong> 14h00 à 17h30.</strong></span></h3>
<h3><span style="color: #000000;"><strong>Samedi    : Loisirs créatifs de</strong></span><span style="color: #000000;"><strong> 14h00 à 17h30.</strong></span></h3>
<h3><span style="color: #000000;"><strong><span style="color: #000000;">Samedi    </span>: Techniques de 14h00 à 18h00.</strong></span></h3>
<hr />
<h3> </h3>
<h3 style="text-align: center;"><span style="color: #0000ff;"><strong><u>Manifestations / Animations 2026</u></strong></span></h3>
<h4> </h4>
<h4><span style="color: #0000ff;"><b style="color: #0000ff;">Samedi 11 janvier : Loisirs Créatifs : participation au marché de l&rsquo;Epiphanie organisé par l&rsquo;Amicale Pétanque.</b></span></h4>
<h4> </h4>
<h4><span style="color: #0000ff;"><strong>Dimanche 1 février : Loto d&rsquo;Hiver.</strong></span></h4>
<h4> </h4>
<h4><span style="color: #0000ff;"><strong>Samedis 9 &#8211; 16 &#8211; 23 mai de 14h à 18h : Loisirs Créatifs vente fêtes des mères au fablab.</strong></span></h4>
<h4> </h4>
<h4><span style="color: #0000ff;"><strong>Samedi 30 mai : Foire de Montpont en Bresse</strong></span></h4>
<h4> </h4>
<h4><span style="color: #0000ff;"><strong>Samedi 6 juin : Portes Ouvertes, Halle et fablab</strong></span></h4>
<h4> </h4>
<h4><span style="color: #0000ff;"><strong>Samedi 11 juillet : Beer Fest Place de La Charité Louhans de 12 h à 22 h.</strong></span></h4>
<h4> </h4>
<h4><span style="color: #0000ff;"><strong>Dimanche 26 juillet : Fête Patronale à Frontenaud . Démonstration / Exposition.</strong></span></h4>
<h4> </h4>
<h4><span style="color: #0000ff;"><strong>Samedi 29 aout : Loisirs Créatifs, participation au marché artisanal organisé par l&rsquo;Amicale Pétanque.</strong></span></h4>
<h4> </h4>
<h4><span style="color: #0000ff;"><strong>Samedi septembre (date à définir) : Festival Matsouri expo Parc des Bains Lons Le Saunier</strong></span></h4>
<h4> </h4>
<h4><span style="color: #0000ff;"><strong>Dimanche 27 septembre de 10h à 18h : Expo vente Foire Nature Centre Eden à Cuisery</strong></span></h4>
<h4> </h4>
<h4><span style="color: #0000ff;"><b style="color: #0000ff;">Samedis 21 et 28 novembre et 5,12 et 19 décembre de 14 à 18 h Portes Ouvertes Marché de </b><span style="color: #0000ff;"><b>Noël</b></span><b style="color: #0000ff;"> loisirs créatifs.</b></span></h4>
<h4><span style="color: #0000ff;"> </span></h4>

<p>&nbsp;</p>

<p>&nbsp; Les permanences du Fablab &nbsp; Mercredi  : Loisirs créatifs de 14h00 à 17h30. Samedi    : Loisirs créatifs de 14h00 à 17h30. Samedi    : Techniques de 14h00 à 18h00.   Manifestations / Animations 2026   Samedi 11 janvier : Loisirs Créatifs : participation au marché de l&rsquo;Epiphanie organisé par l&rsquo;Amicale Pétanque.   Dimanche [&hellip;]</p>

<!-- This site is optimized with the Yoast SEO plugin v27.3 - https://yoast.com/product/yoast-seo-wordpress/ -->
<title>Horaires et ateliers, Manifestations - Le FabLab</title>
<meta name="robots" content="noindex, follow, max-snippet:-1, max-image-preview:large, max-video-preview:-1" />
<meta property="og:locale" content="fr_FR" />
<meta property="og:type" content="article" />
<meta property="og:title" content="Horaires et ateliers, Manifestations - Le FabLab" />
<meta property="og:description" content="&nbsp; Les permanences du Fablab &nbsp; Mercredi  : Loisirs créatifs de 14h00 à 17h30. Samedi    : Loisirs créatifs de 14h00 à 17h30. Samedi    : Techniques de 14h00 à 18h00.   Manifestations / Animations 2026   Samedi 11 janvier : Loisirs Créatifs : participation au marché de l&rsquo;Epiphanie organisé par l&rsquo;Amicale Pétanque.   Dimanche [&hellip;]" />
<meta property="og:url" content="https://fablab-montagny-pres-louhans.fr/index.php/horaires-et-ateliers/" />
<meta property="og:site_name" content="Le FabLab" />
<meta property="article:publisher" content="https://www.facebook.com/fablab.labom/" />
<meta property="article:modified_time" content="2026-03-17T10:22:01+00:00" />
<meta name="twitter:card" content="summary_large_image" />
<meta name="twitter:label1" content="Durée de lecture estimée" />
	<meta name="twitter:data1" content="1 minute" />
<script type="application/ld+json" class="yoast-schema-graph">{"@context":"https:\/\/schema.org","@graph":[{"@type":"WebPage","@id":"https:\/\/fablab-montagny-pres-louhans.fr\/index.php\/horaires-et-ateliers\/","url":"https:\/\/fablab-montagny-pres-louhans.fr\/index.php\/horaires-et-ateliers\/","name":"Horaires et ateliers, Manifestations - Le FabLab","isPartOf":{"@id":"https:\/\/fablab-montagny-pres-louhans.fr\/#website"},"datePublished":"2025-03-11T08:17:47+00:00","dateModified":"2026-03-17T10:22:01+00:00","breadcrumb":{"@id":"https:\/\/fablab-montagny-pres-louhans.fr\/index.php\/horaires-et-ateliers\/#breadcrumb"},"inLanguage":"fr-FR","potentialAction":[{"@type":"ReadAction","target":["https:\/\/fablab-montagny-pres-louhans.fr\/index.php\/horaires-et-ateliers\/"]}]},{"@type":"BreadcrumbList","@id":"https:\/\/fablab-montagny-pres-louhans.fr\/index.php\/horaires-et-ateliers\/#breadcrumb","itemListElement":[{"@type":"ListItem","position":1,"name":"Accueil","item":"https:\/\/fablab-montagny-pres-louhans.fr\/"},{"@type":"ListItem","position":2,"name":"Horaires et ateliers, Manifestations"}]},{"@type":"WebSite","@id":"https:\/\/fablab-montagny-pres-louhans.fr\/#website","url":"https:\/\/fablab-montagny-pres-louhans.fr\/","name":"Le FabLab","description":"Le premier de Bresse","publisher":{"@id":"https:\/\/fablab-montagny-pres-louhans.fr\/#organization"},"potentialAction":[{"@type":"SearchAction","target":{"@type":"EntryPoint","urlTemplate":"https:\/\/fablab-montagny-pres-louhans.fr\/?s={search_term_string}"},"query-input":{"@type":"PropertyValueSpecification","valueRequired":true,"valueName":"search_term_string"}}],"inLanguage":"fr-FR"},{"@type":"Organization","@id":"https:\/\/fablab-montagny-pres-louhans.fr\/#organization","name":"Le FabLab","url":"https:\/\/fablab-montagny-pres-louhans.fr\/","logo":{"@type":"ImageObject","inLanguage":"fr-FR","@id":"https:\/\/fablab-montagny-pres-louhans.fr\/#\/schema\/logo\/image\/","url":"https:\/\/fablab-montagny-pres-louhans.fr\/wp-content\/uploads\/2023\/02\/FABALB-logo.png","contentUrl":"https:\/\/fablab-montagny-pres-louhans.fr\/wp-content\/uploads\/2023\/02\/FABALB-logo.png","width":250,"height":260,"caption":"Le FabLab"},"image":{"@id":"https:\/\/fablab-montagny-pres-louhans.fr\/#\/schema\/logo\/image\/"},"sameAs":["https:\/\/www.facebook.com\/fablab.labom\/"]}]}</script>
<!-- / Yoast SEO plugin. -->

&nbsp; Les permanences du Fablab &nbsp; Mercredi  : Loisirs créatifs de 14h00 à 17h30. Samedi    : Loisirs créatifs de 14h00 à 17h30. Samedi    : Techniques de 14h00 à 18h00.   Manifestations / Animations 2026   Samedi 11 janvier : Loisirs Créatifs : participation au marché de l&rsquo;Epiphanie organisé par l&rsquo;Amicale Pétanque.   Dimanche [&hellip;]
